ivative of -1/120*b**6 - 1/15*b**5 + 5/24*b**4 - 63*b**2 + 0*b + 1/2*b**3 + 2. Determine q(-5).
3
Let a(r) = -12*r**3 + 3*r**2 - 2*r - 2. Let u(j) = -79*j - 315. Let w be u(-4). What is a(w)?
-13
Let c = -8939 - -8932. Let w(p) = p**3 - 5*p**2 - 85*p + 7. Give w(c).
14
Let g be 5*(-5 + (-112)/(-20)). Let l(v) = 9*v**3 + v**3 - g - 9*v**3 + 8. Calculate l(0).
5
Let q = -179 - -209. Let c(j) = 30*j**2 + 0 - 11*j - 59*j**2 + 0 + q*j**2. What is c(8)?
-24
Let w(k) be the first derivative of 3*k - 2 + 5/2*k**2 - 1/3*k**3. Suppose 113*p + 33*p + 155*p = 1806. Give w(p).
-3
Let s(m) = -1009*m + 1999*m - 994*m - 53. Calculate s(-13).
-1
Suppose 3*w - 2*a - 6 = 0, 0*w - a = 5*w - 10. Suppose 5*k + f = 6*f, 0 = 3*k - w*f + 4. Let r(n) = 0 + 1 - 295958*n**2 + 7*n + 295959*n**2. Give r(k).
-11
Let o = 7 + -1. Let g(j) = 0*j + j + 415 - 420. Determine g(o).
1
Let s(v) = -2*v**2 - 61*v + 27. Let l be s(-31). Let w(b) = b**3 + 6*b**2 + b - 9. What is w(l)?
19
Let q = -42398 + 42443. Let w(a) be the second derivative of 0 - 6*a**2 + q*a - 1/6*a**3. What is w(-7)?
-5
Let f(j) = -j + 21. Suppose -9*g - 6 = 21. Let w(d) = d - 11. Let r(v) = g*f(v) - 5*w(v). Suppose -3*y = -y + 12. Determine r(y).
4
Let u(i) = -i**3 + 13*i**2 - 23*i + 137. Let t be (4/64*8)/(870/144 - 6). What is u(t)?
5
Let j(r) = -r**3 + r**2 - 2*r + 2. Suppose -40*s - 18*s = -17*s - 164. Calculate j(s).
-54
Let d(h) be the first derivative of 48 + 3/2*h**2 - 3*h. Give d(6).
15
Let w(d) = -8*d. Let t(g) = -17*g - 1. Let q(i) = 3*t(i) - 7*w(i). Let f(v) = -3*v**2 - 7*v + 37. Let j be f(-5). Give q(j).
-18
Let x(p) = p**2 - 4*p + 6 - 2*p + 0*p - 1. Let y be (-152)/(-95)*(-30)/(-8). Give x(y).
5
Suppose -57*l + 4 = -55*l. Let u(f) = l - f**3 + 13*f**3 - f**3 - f - 10*f**3 - 3*f**2. Give u(2).
-4
Let f(s) = -13*s - 178. Suppose -2*a - 2*b - 38 + 14 = 0, 2*a + 18 = -5*b. Determine f(a).
4
Let s(f) = -2*f**2 + f - 1. Let c = 136 - 136. Let h(y) = 5*y + 2. Let r be h(c). Determine s(r).
-7
Suppose -16*b = 19*b + 16*b + 153. Let a(g) = 11*g + 24. Give a(b).
-9
Let o(r) = -4*r - 18. Let p be o(-5). Let j(d) = 91 + d - 103 - 5*d + d**2 - p*d. Calculate j(7).
-5
Let v(j) = -2*j + 5. Suppose 45*p + 88 = 49*p. Suppose 0*d - 20 = -5*d - 5*u, 0 = 5*d - 2*u - 27. Suppose -7*k = -5*g - 6*k + 21, p = d*g - 2*k. What is v(g)?
-3
Suppose -5*z = -3*a + 4 - 9, a - 4*z = -4. Let u(y) = a*y**2 - y**2 - 8*y + 163 - 173. Determine u(-7).
-3
Let f(y) = -67778 - 59*y - 43*y + 67067. What is f(-7)?
3
Suppose 104 + 508 = 18*k. Let u = -2 - -3. Let c(j) = -41*j + 18*j - u + k*j. Calculate c(1).
10
Let h(a) = -3*a + 36. Let m(b) = -27*b - 1497. Let x be m(-55). Give h(x).
72
Suppose -8*o - 16 = -4*o, 3*r + 3*o + 12 = 0. Let v(n) be the second derivative of 0 + 6*n**2 + 7*n - 1/6*n**3. Determine v(r).
12
Let d = -42 + 8. Let c = -34 - d. Suppose c = 4*b + 4 + 8. Let k(q) = q**3 + 3*q**2 - q - 4. Calculate k(b).
-1
Suppose 4*a + 468 = -47*a - 27*a. Let r(d) = -d**3 - 4*d**2 + 7*d - 1. Give r(a).
29
Let g(z) = 2*z + 39. Let k = 3334 + -3358. Give g(k).
-9
Let i = 26342 - 26345. Let g(c) = 14*c**2 + 5*c + 5. Determine g(i).
116
Let b = 47 + -113. Let w = -67 - b. Let q(a) = 8*a**3 + a**2. Let d be q(w). Let t(v) = -v - 16. Determine t(d).
-9
Suppose -43*w + 22*w = -8*w + 104. Let x(j) = -j**2 - 2*j + 72. What is x(w)?
24
Let y(o) be the first derivative of 5*o**2 + 70*o + 418. Calculate y(-7).
0
Let t be 23/2*(-140)/(-35) + 5. Suppose -t = -m - 42. Let f(w) = w**2 - 11*w + 11. What is f(m)?
-7
Let u(f) be the third derivative of -7*f**4/8 - 40*f**3/3 + 5*f**2 - f - 72. What is u(-4)?
4
Suppose 19*u - 13 = 44. Let j(x) = u - 7*x + 2 + 6 - 13. Give j(2).
-16
Let c(l) be the third derivative of l**5/30 + 17*l**4/24 - l**3/3 - 8*l**2. Let j be c(-10). Let u(x) = 2*x + 25 - 47 + j. What is u(-6)?
-6
Let w be 87 - 90 - (-1 + (-144)/2). Let f(y) = -23 - 25 + w - 4*y - 20. Let t be (6/2)/(9/6). Calculate f(t).
-6
Let t(r) = 2*r + 7. Suppose h - 2*h - o - 1786 = 0, 4*o - 8 = 0. Let w be 10/105 - h/(-252). Determine t(w).
-7
Let v be -1 + 24/4 + (-6 - 1 - -4). Let x(q) = 7*q**2 - q. Determine x(v).
26
Let d be (-6 + 7 - 11)/((-25)/10). Let f(m) be the second derivative of -4/3*m**3 + 0 - 1/12*m**d - 2*m**2 + 16*m. Give f(-6).
8
Let m(h) be the third derivative of -h**6/120 - h**5/10 - h**4/6 - 549*h**2 - 2. Give m(-3).
-15
Let k(p) = -p**3 - 8*p**2 - 41*p - 143. Let t be k(-5). Let u(r) = 2*r + 25. What is u(t)?
-1
Let r(p) = -p**2 - 14*p + 9. Let g be (-2)/2 - (-2)/26*0. Let v be g/((-4)/42*(-33)/44). Give r(v).
9
Suppose 26*u = 17*u - 9. Let w(v) = v**2 + v. Let t(g) = 16*g**2 - 5*g. Let z(c) = u*t(c) - 5*w(c). Give z(-1).
-21
Let q(n) = -2*n + 28. Let b = 462 - 354. Suppose -23*l - b = -476. What is q(l)?
-4
Let q(c) = 22*c + 9*c**2 - 13*c + 4*c**3 + 9 - 3*c**3. Suppose -145*o - 608 = -69*o. Give q(o).
1
Let v = 26074 - 26092. Let w(t) = t**3 + 18*t**2 + 4*t + 62. Determine w(v).
-10
Let i(c) = -11*c**2 + 5*c - 282. Let d(r) = 2*r**2 + r + 44. Let j(g) = 6*d(g) + i(g). Let v be -1 + 0 - (-36)/(-3). What is j(v)?
8
Let b be (-2)/((1/(-66))/((-3)/9)). Let m be (22/b)/(1/(-58)). Suppose -3*k + 5 = 5*v, -2*v - k + 6*k - m = 0. Let s(r) = 5*r**2 - 3*r - 3. Calculate s(v).
23
Let m(w) be the second derivative of w**5/20 - w**4/4 - w**3 + w**2 + 11*w. Let u = 164 - 46. Let i = 122 - u. Calculate m(i).
-6
Let a(s) = 1020*s**2 + 11 + 1011*s**2 - 2029*s**2 + 39*s. Determine a(-19).
-8
Let y(m) = -603*m + 604*m + 2 + 3*m**2 - 7*m**3 + 6*m**3. Suppose 16 = -3*u + u. Let z be ((-4)/u)/((-1)/(-8)). What is y(z)?
-10
Let w(n) = -7*n**2 - 97*n - 182. Let u(t) = 4*t**2 + 49*t + 101. Let a(b) = 11*u(b) + 6*w(b). What is a(20)?
-41
Let h be 34/6 + 1/3. Suppose 3*q = -h*q + 5*q. Let s(y) = 3*y**2 + 0*y**2 - 4 + 10*y + q*y**2 - 4*y**2. Give s(10).
-4
Suppose 0 = 60*d + 274 - 334. Let j(i) = 61*i**2 + 3*i - 2. Give j(d).
62
Let g(w) = -8*w + 12. Let x be (12/16)/((-126)/(-840)). Give g(x).
-28
Let k(b) = -6*b + 15. Let d(p) = 289*p + 4042. Let x be d(-14). What is k(x)?
39
Let v be (-8)/(0 - (-6)/9). Let w = v + 18. Let y(x) be the first derivative of -x**2/2 + 6*x + 1196. Calculate y(w).
0
Let r(m) = -8*m - 2. Let n be ((-6)/(-18))/(2/(-12)). Let l(w) = -105*w - 27. Let v(o) = n*l(o) + 27*r(o). Let f be -2*(3 + -1 + -1). Give v(f).
12
Let p = 289 - 276. Suppose 5 = -5*o - 6*h + h, o = 2*h - p. Let k(w) = 3*w - 5. Determine k(o).
-20
Let f(w) = w**2 - 1. Let d(x) be the second derivative of x**5/20 + 5*x**4/12 - 9*x**2/2 - 4*x + 6. Let a(t) = d(t) - 5*f(t). What is a(0)?
-4
Let b be -1 + (-431)/(-4) - 22/(-88). Let p(n) = -n - 104 + 219 - b. Determine p(3).
5
Let j(m) = -88 + 15*m + 204 - 81 - 53 - m**2. What is j(6)?
36
Let v = -118 + 114. Let w(i) = -4*i**3 + 9*i**2 + 4*i - 5. Let b(q) = 3*q**3 - 8*q**2 - 3*q + 4. Let r(j) = v*w(j) - 5*b(j). Determine r(-3).
12
Let l(r) = -4*r + 27. Let n be -18 + 14 + 4/(8/(-10)). Determine l(n).
63
Let o be 18/3 - ((8 - 4) + -25). Let r(a) = 2*a**3 - 53*a**2 - 32*a + 139. Give r(o).
4
Let i(m) = -6*m**2 - 55*m - 2. Let l be i(-9). Suppose 0 = -4*z + 2*z + 4. Let a(b) = -10 + 3*b**2 + 4*b - b**3 - b + 4*b**z - b. Determine a(l).
4
Let g be (-2)/8 - (99/(-12) - -2). Suppose -g - 6 = 2*k. Let r(x) = 282*x + 273*x - 5 + x**2 - 551*x. Give r(k).
7
Let b(m) = m**3 - 7*m**2 + 2*m. Let d be b(7). Suppose -19*u = -d - 24. Let s(i) = 3*i - 3 - i**2 + 0*i**2 + 0*i**2. Calculate s(u).
-1
Let b(n) = -19*n**2 - 46*n - 7. Let y(q) = 3*q**2 + 2*q - 1. Let w(g) = b(g) + 4*y(g). Determine w(-5).
4
Let w(t) be the third derivative of -t**5/30 - 83*t**4/24 - 121*t**3/6 + 4*t**2 - 65*t + 4. Calculate w(-40).
-1
Let m(z) = -92*z**3 - z**2 + 10*z + 1. Let l(c) = -459*c**3 - c**2 + 52*c + 3. Let q(t) = l(t) - 5*m(t). Suppose 9 = 5*b + 29. Give q(b).
-10
Suppose 17*o - 20*o + 591 = 0. Let x = -201 + o. Let m(r) = -r**3 - 5*r**2 - 4*r - 3. Determine m(x).
-3
Let t(h) = 2*h**3 - 2*h**2 + 1. Suppose -5*o = 5, 44 + 72 = 4*y + 4*o. Suppose 0 = -i - 5*i + y. Let m be 1 + 15/(-3) + i. Determine t(m).
1
Suppose 0 = -2*o + 9 + 3. Let p(u) = -2*u**2 + 12*u + 100. Let y(k) = k**2 - 6*k - 56. Let s(b) = -5*p(b) - 9*y(b). Calculate s(o).
4
Let n(z) = 20*z - 82. Suppose 36 = 4*f + 4*w, -2*f - w - 110 + 123 = 0. Calculate n(f).
-2
Let m(l) be the first de